at is the greatest common factor of m and 32?
32
Suppose -338 = -2*l + 4*z, -l + 88 = -z - 81. Suppose u + k - l = 0, 5*u + 4*k = 623 + 218. Let n = 5 - -10. Calculate the highest common factor of u and n.
15
Suppose -4*o + 88 = -0*o. Let t be (-2 - -2)*(-1)/2. Let y = 55 + t. What is the highest common divisor of o and y?
11
Let d be 240/110 - ((-48)/(-22) - 2). Let f(p) = 50*p - 10. Let z be f(d). Calculate the highest common factor of z and 6.
6
Let w be ((-56)/10)/((-2)/115). Suppose -292*z - 1291 + 747 = -4632. Calculate the highest common divisor of z and w.
14
Let o(v) = 493*v + 6. Let n be o(6). Let f be n/(-27) + (-14)/63. Let p be f/(-7) + (-6)/(-21). What is the greatest common factor of p and 24?
8
Suppose -142 = -5*t + 4*h, -4*h + 11 = 2*t - 29. Suppose -x + 5*p = -187, 158 = x + 5*p - 19. Calculate the highest common divisor of t and x.
26
Let s be -3 - -1 - 0/(-3). Let n be (-4)/8 - 19/s. Suppose 45 = m - 0*m. Calculate the highest common factor of n and m.
9
Let r = 3 + -1. Suppose 3*h = -j + 14, 3*j - 18 = -2*j - 2*h. Suppose -r*a + 316 = -j*s, -a - 3*s + 326 = a. Calculate the greatest common divisor of 16 and a.
16
Suppose 0 = -4*r - g + 106, -3*r = 3*g - g - 82. Let v = 40 - r. Let n be 0*1/(-2) - -21. What is the highest common divisor of n and v?
7
Suppose -2*b + 3*m + 111 = -2*m, -2*m + 6 = 0. What is the greatest common divisor of 28 and b?
7
Let v be (0/1)/(4/(-2)). Suppose v*n = -5*n - 85. Let g = n - -24. Calculate the highest common factor of g and 21.
7
Suppose 2 = h - 0*h. Let n be (285/18 - h) + 3/18. What is the highest common divisor of 56 and n?
14
Suppose 27*w - 33*w = -18. Calculate the highest common divisor of 15 and w.
3
Let z be -1*26*5/(-10). Calculate the highest common divisor of z and 52.
13
Let j be 115/(-69) - ((-212)/12 + -3). Calculate the highest common divisor of j and 1425.
19
Suppose 0 = -12*t + 2682 - 978. What is the greatest common factor of t and 426?
142
Let r be -1434 - (3 - 4 - -1). Let l = -962 - r. Let o = -296 + l. What is the greatest common factor of 16 and o?
16
Let a(m) = 2*m**2 + 12*m - 11. Let w be a(-9). Calculate the greatest common factor of w and 2752.
43
Suppose -11*d - 4196 = -5087. Calculate the greatest common factor of 216 and d.
27
Let g = 5 + -10. Let p be 7 + 6 + 1 + -4. Let t be (1 - g)/(p/25). Calculate the highest common divisor of 6 and t.
3
Let u = 231 - 219. Suppose -2*g + 354 = 3*n, -2*n - 111 + 360 = -3*g. What is the greatest common divisor of n and u?
12
Let y be (-18*4/20)/((-6)/40). Calculate the greatest common factor of y and 176.
8
Let s(c) = -c**3 + 9*c**2 - 10*c. Let o be s(9). Let i = o - -105. Calculate the highest common factor of 120 and i.
15
Let m(l) = 80*l + 485. Let y be m(-6). Let t(s) = s**2 - 2*s + 2. Let h be t(4). Calculate the greatest common divisor of h and y.
5
Suppose 12*r - 4*r = 96. Let c(u) = -u**3 + 11*u**2 + 14*u + 28. Let f be c(r). What is the greatest common factor of f and 104?
52
Let i be -11*(-12 - (8 + -19)). Let t(j) = j**3 + 5*j**2 + 1. Let z be t(-5). Calculate the highest common divisor of z and i.
1
Let s(z) = 3*z**2 + 4*z - 9. Let k(p) = 2*p**2 + 5*p - 9. Let l(a) = -4*k(a) + 3*s(a). Let n be l(9). Calculate the highest common divisor of 45 and n.
9
Suppose -3*q - t + 3209 = 504, 5*q + 5*t - 4505 = 0. What is the greatest common divisor of q and 82?
82
Let t be ((-10)/4)/(6/12). Let g be t*13*(-9)/15. Suppose -2*y = -5 - g. Calculate the greatest common divisor of 55 and y.
11
Let q(c) = -20*c + 130. Let g be q(-11). Calculate the highest common factor of g and 50.
50
Suppose -54*z = -44 - 1090. What is the highest common divisor of 24 and z?
3
Let w = -42 + 290. Suppose -h - w = -3*h. Suppose -341 = -42*t + 31*t. Calculate the highest common divisor of t and h.
31
Suppose 0 = -19*w + 15*w + 4*j + 1976, 2*w + 2*j - 988 = 0. What is the greatest common divisor of 38 and w?
38
Let m be (0 - -1) + 1 - -2. Let n = -13 - -17. Calculate the highest common divisor of m and n.
4
Let d = 41 - 58. Let c be (-16)/136 + (-155)/d. Suppose 12*s - 120 = c*s. What is the greatest common factor of s and 5?
5
Suppose -5*f - 6*x + 616 = -2*x, f = 5*x + 100. Suppose 3*i = -2*i + 85. Let g = i + 7. What is the greatest common divisor of f and g?
24
Let i = 11 - 7. Let w be i/(-2) - (-6 + 1). Suppose w*l - 20 = -l. What is the highest common factor of 25 and l?
5
Let t be 11451/165 - 2/5. Calculate the highest common divisor of t and 92.
23
Let k(b) = 6*b**2 + 65*b + 135. Let m be k(-2). What is the highest common divisor of 29 and m?
29
Let z be 6/(-33) + (-2)/(-11). Let b = 3 + z. Suppose -24*p - 6 = -27*p. Calculate the greatest common factor of p and b.
1
Suppose -6 = 15*d - 21. Calculate the highest common factor of d and 2.
1
Let a be 6/(-4)*(-20)/6. Suppose -118*d = -108*d - 400. Calculate the highest common factor of a and d.
5
Let t = -121 + 127. Let b = t + 9. Calculate the greatest common factor of b and 60.
15
Suppose -21 = 4*v + 47. Let n = v + 22. Let q = -113 + 133. Calculate the highest common factor of q and n.
5
Suppose -3*u + 5*x + 932 = 0, x = -u - 4*u + 1600. Let h(c) = 3*c**2 - 3*c + 92 + 4*c - 93. Let y be h(3). Calculate the greatest common factor of y and u.
29
Suppose 220 = 5*t - 165. Calculate the greatest common factor of 28 and t.
7
Let t(g) = 15*g**2 - 46*g - 18. Let f be t(8). Calculate the greatest common factor of f and 82.
82
Let b(q) = q**3 + 7*q**2 + 7*q + 6. Let m be b(-6). Suppose -5*u = -m*t - 3*t + 65, -21 = -t + 2*u. Calculate the highest common factor of 15 and t.
5
Suppose -z = -5, 3*d - 5*z = d - 21. Suppose -5*t + a + 385 = 6*a, 5*t - d*a - 371 = 0. What is the greatest common divisor of t and 100?
25
Suppose -q + 3*q = 0. Suppose q = -g - 4*a + 16, -g + 5*g + 2*a - 36 = 0. Let k = g - 2. What is the greatest common factor of 66 and k?
6
Let s(p) = 100*p**2 - p - 10. Let b be s(-2). Calculate the highest common divisor of 56 and b.
56
Suppose -37*s = -36*s - 7. What is the highest common divisor of 287 and s?
7
Let h be 2475/(-60)*(-12)/9. Calculate the highest common factor of h and 495.
55
Let g = 27 - 16. Suppose p - 4 = g. Suppose -3*v - 2*f + 82 = 0, 0 = 3*v - f - p - 79. Calculate the greatest common divisor of v and 270.
30
Let w(t) = 3*t - 8. Let s be w(6). Let z(c) = 2*c**2 - 6*c + 10. Let k be 59/7 + (-12)/28. Let r be z(k). What is the highest common divisor of s and r?
10
Let d be ((-1)/2)/(2/12). Let m be (d - 4/(-2)) + 36. What is the greatest common divisor of m and 5?
5
Let p(y) = -3*y + 26. Let b be p(9). Let w be 21/(-7) - 18*(b - 0). Calculate the greatest common factor of w and 60.
15
Let b(r) = -2*r**3 - 29*r**2 + 4*r - 127. Let f be b(-15). Calculate the highest common factor of f and 8.
2
Suppose -4*o + 185 + 139 = 0. Suppose -15 = 5*a, -2*y - 3*y - 132 = -a. Let d = 81 + y. What is the highest common factor of d and o?
27
Let m = 1823 - 1205. Calculate the greatest common divisor of 6 and m.
6
Let p be 332*(-35)/(-182) - (-2)/13. What is the highest common factor of 32 and p?
32
Let g(j) = -2*j**2 + 2*j - 2. Let h be g(-6). Let z = 275 + h. Let u = 3 - -24. Calculate the highest common factor of z and u.
27
Let g(m) = -609*m**3 - 3*m - 2. Let i be g(-1). Suppose 11*d = -192 + i. What is the highest common factor of 95 and d?
19
Let y(l) = l**2 + 24*l - 213. Let p be y(-31). Calculate the highest common factor of 10 and p.
2
Let c(g) = 3*g**2 - 2*g + 1. Let r(o) = o + 19. Let u be r(-18). Let y be c(u). Calculate the greatest common factor of 3 and y.
1
Suppose 96*l + 8 = 95*l. Let j(s) = -1. Let w(h) = -h - 4. Let z(x) = -6*j(x) + 3*w(x). Let p be z(l). Calculate the highest common divisor of 144 and p.
18
Suppose 2*r = -4*p - 2*r, 15 = 4*p + r. Let o = 36 - 21. What is the greatest common divisor of p and o?
5
Let h(j) = 4 + 2*j**2 - 10*j + 8 - 3*j**2 + 2. Let z be h(-10). Calculate the greatest common factor of 49 and z.
7
Suppose 3*v - 5 = p, -5*v - 5*p + 38 = 3. Calculate the greatest common divisor of v and 5.
1
Suppose 0 = -4*m + 5*b + 8 + 5, -b = 3*m - 5. Suppose -2*v - 50 = 5*t, t = 3*v - 3 + 61. Let n = v + 36. Calculate the highest common divisor of n and m.
2
Let i be -356*11/(-110) - 3/5. Let c = -1 - -15. Calculate the greatest common divisor of i a